{"id":242,"date":"2019-09-17T04:34:14","date_gmt":"2019-09-17T04:34:14","guid":{"rendered":"http:\/\/alverniasgratitud.org\/?page_id=242"},"modified":"2019-10-02T17:22:12","modified_gmt":"2019-10-02T17:22:12","slug":"nuestra-historia","status":"publish","type":"page","link":"https:\/\/alverniasgratitud.org\/index.php\/nuestra-historia\/","title":{"rendered":"Nuestra historia"},"content":{"rendered":"<div class=\"vce-row-container\"><div class=\"vce-row vce-row--col-gap-30 vce-row-columns--top vce-row-content--top\" id=\"el-74408723\" data-vce-do-apply=\"all el-74408723\"><div class=\"vce-row-content\" data-vce-element-content=\"true\"><div class=\"vce-col vce-col--md-auto vce-col--xs-1 vce-col--xs-last vce-col--xs-first vce-col--sm-last vce-col--sm-first vce-col--md-last vce-col--lg-last vce-col--xl-last vce-col--md-first vce-col--lg-first vce-col--xl-first\" id=\"el-79ccec44\"><div class=\"vce-col-inner\" data-vce-do-apply=\"border margin background  el-79ccec44\"><div class=\"vce-col-content\" data-vce-element-content=\"true\" data-vce-do-apply=\"padding el-79ccec44\"><div class=\"vce-text-block\"><div class=\"vce-text-block-wrapper vce\" id=\"el-b276c79c\" data-vce-do-apply=\"all el-b276c79c\">\n<div class=\"wp-block-media-text alignwide has-media-on-the-right\">\n<figure class=\"wp-block-media-text__media\"><img loading=\"lazy\" decoding=\"async\" width=\"1200\" height=\"800\" class=\"wp-image-243 alignnone\" src=\"https:\/\/alverniasgratitud.org\/wp-content\/uploads\/2019\/09\/Casa_Alvernias_gratitud_1200px_2.jpg\" alt=\"\" srcset=\"https:\/\/alverniasgratitud.org\/wp-content\/uploads\/2019\/09\/Casa_Alvernias_gratitud_1200px_2.jpg 1200w, https:\/\/alverniasgratitud.org\/wp-content\/uploads\/2019\/09\/Casa_Alvernias_gratitud_1200px_2-300x200.jpg 300w, https:\/\/alverniasgratitud.org\/wp-content\/uploads\/2019\/09\/Casa_Alvernias_gratitud_1200px_2-768x512.jpg 768w, https:\/\/alverniasgratitud.org\/wp-content\/uploads\/2019\/09\/Casa_Alvernias_gratitud_1200px_2-1024x683.jpg 1024w\" sizes=\"auto, (max-width: 1200px) 100vw, 1200px\" \/><\/figure>\n<div class=\"wp-block-media-text__content\">\n<p class=\"has-drop-cap\" style=\"text-align: justify;\">El Centro de Agradecimiento Alvernias fue concebido inicialmente como una finca para ganado de leche, \u00fanica actividad econ\u00f3mica que se desarrollaba en esta regi\u00f3n del municipio Carmen de Carupa,&nbsp; &nbsp;ubicado a 85 kms de Bogot\u00e1.<\/p>\n\n<p style=\"text-align: justify;\">Es importante mencionar que en su condici\u00f3n de \u201cneo rurales\u201d, los propietarios eran citadinos experimentando y aprendiendo a ser ganaderos.<\/p>\n<\/div>\n<\/div>\n\n<p style=\"text-align: justify;\">&nbsp;<\/p>\n\n<p>&nbsp;<\/p>\n\n<div class=\"wp-block-media-text alignwide\" style=\"grid-template-columns: 54% auto;\">\n<figure class=\"wp-block-media-text__media\"><img loading=\"lazy\" decoding=\"async\" width=\"1024\" height=\"768\" class=\"wp-image-62\" src=\"https:\/\/alverniasgratitud.org\/wp-content\/uploads\/2019\/08\/IMG_20180706_155820x2500-1024x768.jpg\" alt=\"\" srcset=\"https:\/\/alverniasgratitud.org\/wp-content\/uploads\/2019\/08\/IMG_20180706_155820x2500-1024x768.jpg 1024w, https:\/\/alverniasgratitud.org\/wp-content\/uploads\/2019\/08\/IMG_20180706_155820x2500-300x225.jpg 300w, https:\/\/alverniasgratitud.org\/wp-content\/uploads\/2019\/08\/IMG_20180706_155820x2500-768x576.jpg 768w, https:\/\/alverniasgratitud.org\/wp-content\/uploads\/2019\/08\/IMG_20180706_155820x2500-1440x1080.jpg 1440w\" sizes=\"auto, (max-width: 1024px) 100vw, 1024px\" \/><\/figure>\n<div class=\"wp-block-media-text__content\">\n<p class=\"has-drop-cap\" style=\"text-align: justify;\">Durante los a\u00f1os 2015 \u2013 2016, el pa\u00eds padeci\u00f3 15 meses el que es considerado el fen\u00f3meno del ni\u00f1o m\u00e1s fuerte del que se tenga noticia. En una regi\u00f3n donde se presenta habitualmente un nivel de lluvias inferior al de municipios cercanos,&nbsp; incluyendo la sabana de Bogot\u00e1, dicho fen\u00f3meno convirti\u00f3 la zona en un verdadero desierto, donde los campesinos y pobladores debieron salir de sus animales y algunos incluso verlos morir de hambre. Para el caso de los due\u00f1os de la finca, las 3 vacas que inicialmente hab\u00edan comprado, se hab\u00edan convertido en 16 animales que ante todo eran \u201cmascotas\u201d, cada una con su respectivo nombre, \u00e1rbol geneal\u00f3gico, historia de vida, etc.<\/p>\n\n<p style=\"text-align: justify;\">Durante los 15 meses que se extendi\u00f3 el fen\u00f3meno del ni\u00f1o, se arrendaron fincas y compraron pastos en 3 municipios cercanos a la finca, con el fin de poder conservar en buenas condiciones los animales, hasta que finalmente no se encontraron m\u00e1s sitios donde llevarlos y, en contra de los sentimientos y expectativas de sus due\u00f1os, debieron vender todos los animales a un intermediario que los pag\u00f3 a cualquier precio, pues su destino iba a ser una planta de sacrificio de ganado .<\/p>\n<\/div>\n<\/div>\n\n<p>&nbsp;<\/p>\n<p style=\"text-align: justify;\">Una vez terminada esta experiencia, los propietarios consideraron que ya hab\u00edan concluido su &nbsp;experiencia ganadera y que deb\u00edan darle otra orientaci\u00f3n a esas 4 hect\u00e1reas de tierra que hab\u00edan quedado sin uso ni destino espec\u00edfico.<\/p>\n\n<p style=\"text-align: justify;\">Fue en ese momento cuando decidieron que iban a convertir la finca en un proyecto de reforestaci\u00f3n con \u00e1rboles nativos, dado que en la zona abundan especies for\u00e1neas como eucaliptos, pinos y acacias.<\/p>\n\n<p style=\"text-align: justify;\">Importante anotar que de la misma manera que incursionaron sin ninguna experiencia en el mundo ganadero, comenzaron a sembrar \u00e1rboles nativos sin mayor conocimiento sobre sus especies, caracter\u00edsticas, cuidados, formas de siembra, etc.&nbsp;<\/p>\n\n<p>&nbsp;<\/p>\n\n<div class=\"wp-block-media-text alignwide has-media-on-the-right\" style=\"grid-template-columns: auto 41%;\">\n<figure class=\"wp-block-media-text__media\"><img loading=\"lazy\" decoding=\"async\" width=\"1024\" height=\"576\" class=\"wp-image-33\" src=\"https:\/\/alverniasgratitud.org\/wp-content\/uploads\/2018\/06\/centro_de_agradecimiento_2-1024x576.jpg\" alt=\"\" srcset=\"https:\/\/alverniasgratitud.org\/wp-content\/uploads\/2018\/06\/centro_de_agradecimiento_2-1024x576.jpg 1024w, https:\/\/alverniasgratitud.org\/wp-content\/uploads\/2018\/06\/centro_de_agradecimiento_2-300x169.jpg 300w, https:\/\/alverniasgratitud.org\/wp-content\/uploads\/2018\/06\/centro_de_agradecimiento_2-768x432.jpg 768w, https:\/\/alverniasgratitud.org\/wp-content\/uploads\/2018\/06\/centro_de_agradecimiento_2.jpg 1080w\" sizes=\"auto, (max-width: 1024px) 100vw, 1024px\" \/><\/figure>\n<div class=\"wp-block-media-text__content\">\n<p class=\"has-drop-cap\" style=\"text-align: justify;\">Como se coment\u00f3 anteriormente, a pesar de la inexperiencia en el tema y de las dif\u00edciles condiciones del clima y caracter\u00edsticas del suelo, se comenz\u00f3 a notar poco a poco que donde se hab\u00eda sembrado un \u00e1rbol o una planta, comenzaban a brotar naturalmente otras plantas a su alrededor, lo que fue interpretado, como un gesto de \u201cagradecimiento\u201d de la tierra hacia el trabajo que se realizaba<\/p>\n\n<p>&nbsp;<\/p>\n\n<p>&nbsp;<\/p>\n\n<p>&nbsp;<\/p>\n<\/div>\n<\/div>\n\n<p>&nbsp;<\/p>\n\n<p>&nbsp;<\/p>\n\n<div class=\"wp-block-media-text alignwide\">\n<figure class=\"wp-block-media-text__media\"><img loading=\"lazy\" decoding=\"async\" width=\"1024\" height=\"576\" class=\"wp-image-42\" src=\"https:\/\/alverniasgratitud.org\/wp-content\/uploads\/2018\/06\/centro_de_agradecimiento_4-1024x576.jpg\" alt=\"\" srcset=\"https:\/\/alverniasgratitud.org\/wp-content\/uploads\/2018\/06\/centro_de_agradecimiento_4-1024x576.jpg 1024w, https:\/\/alverniasgratitud.org\/wp-content\/uploads\/2018\/06\/centro_de_agradecimiento_4-300x169.jpg 300w, https:\/\/alverniasgratitud.org\/wp-content\/uploads\/2018\/06\/centro_de_agradecimiento_4-768x432.jpg 768w, https:\/\/alverniasgratitud.org\/wp-content\/uploads\/2018\/06\/centro_de_agradecimiento_4.jpg 1080w\" sizes=\"auto, (max-width: 1024px) 100vw, 1024px\" \/><\/figure>\n<div class=\"wp-block-media-text__content\">\n<p class=\"has-drop-cap\" style=\"text-align: justify;\">Esta experiencia de evidenciar lo que la naturaleza iba regalando en compensaci\u00f3n por lo poco que se hac\u00eda por ella, fue germinando en los propietarios del predio un sentimiento de GRATITUD hacia la MADRE TIERRA, sentimiento que cada vez se iba incrementando m\u00e1s y que en un momento dado los llev\u00f3 a determinar que, lo que a\u00f1os atr\u00e1s hab\u00eda iniciado como un proyecto ganadero, para convertirse despu\u00e9s en un proyecto forestal, ahora se convertir\u00eda en un proyecto de vida orientado a estimular en las personas el sentimiento de gratitud en la vida diaria, sin importar credos, orientaciones religiosas o filos\u00f3ficas, pero plasmado en la madre tierra, a trav\u00e9s de la siembra de \u00e1rboles y cuidado del medio ambiente.<\/p>\n<\/div>\n<\/div>\n<\/div><\/div><\/div><\/div><\/div><\/div><\/div><\/div>","protected":false},"excerpt":{"rendered":"<p>El Centro de Agradecimiento Alvernias fue concebido inicialmente como una finca para ganado de leche, \u00fanica actividad econ\u00f3mica que se desarrollaba en esta regi\u00f3n del municipio Carmen de Carupa,&nbsp; &nbsp;ubicado a 85 kms de Bogot\u00e1. Es importante mencionar que en su condici\u00f3n de \u201cneo rurales\u201d, los propietarios eran citadinos experimentando y aprendiendo a ser ganaderos.&hellip; <br \/> <a class=\"read-more\" href=\"https:\/\/alverniasgratitud.org\/index.php\/nuestra-historia\/\">Read more<\/a><\/p>\n","protected":false},"author":1,"featured_media":246,"parent":0,"menu_order":0,"comment_status":"closed","ping_status":"closed","template":"","meta":{"om_disable_all_campaigns":false,"_monsterinsights_skip_tracking":false,"_monsterinsights_sitenote_active":false,"_monsterinsights_sitenote_note":"","_monsterinsights_sitenote_category":0,"footnotes":""},"class_list":["post-242","page","type-page","status-publish","has-post-thumbnail","hentry"],"jetpack_sharing_enabled":true,"_links":{"self":[{"href":"https:\/\/alverniasgratitud.org\/index.php\/wp-json\/wp\/v2\/pages\/242","targetHints":{"allow":["GET"]}}],"collection":[{"href":"https:\/\/alverniasgratitud.org\/index.php\/wp-json\/wp\/v2\/pages"}],"about":[{"href":"https:\/\/alverniasgratitud.org\/index.php\/wp-json\/wp\/v2\/types\/page"}],"author":[{"embeddable":true,"href":"https:\/\/alverniasgratitud.org\/index.php\/wp-json\/wp\/v2\/users\/1"}],"replies":[{"embeddable":true,"href":"https:\/\/alverniasgratitud.org\/index.php\/wp-json\/wp\/v2\/comments?post=242"}],"version-history":[{"count":69,"href":"https:\/\/alverniasgratitud.org\/index.php\/wp-json\/wp\/v2\/pages\/242\/revisions"}],"predecessor-version":[{"id":606,"href":"https:\/\/alverniasgratitud.org\/index.php\/wp-json\/wp\/v2\/pages\/242\/revisions\/606"}],"wp:featuredmedia":[{"embeddable":true,"href":"https:\/\/alverniasgratitud.org\/index.php\/wp-json\/wp\/v2\/media\/246"}],"wp:attachment":[{"href":"https:\/\/alverniasgratitud.org\/index.php\/wp-json\/wp\/v2\/media?parent=242"}],"curies":[{"name":"wp","href":"https:\/\/api.w.org\/{rel}","templated":true}]}}

<div class="vce-row-container"><div class="vce-row vce-row--col-gap-30 vce-row-columns--top vce-row-content--top" id="el-74408723" data-vce-do-apply="all el-74408723"><div class="vce-row-content" data-vce-element-content="true"><div class="vce-col vce-col--md-auto vce-col--xs-1 vce-col--xs-last vce-col--xs-first vce-col--sm-last vce-col--sm-first vce-col--md-last vce-col--lg-last vce-col--xl-last vce-col--md-first vce-col--lg-first vce-col--xl-first" id="el-79ccec44"><div class="vce-col-inner" data-vce-do-apply="border margin background  el-79ccec44"><div class="vce-col-content" data-vce-element-content="true" data-vce-do-apply="padding el-79ccec44"><div class="vce-text-block"><div class="vce-text-block-wrapper vce" id="el-b276c79c" data-vce-do-apply="all el-b276c79c">
<div class="wp-block-media-text alignwide has-media-on-the-right">
<figure class="wp-block-media-text__media"><img loading="lazy" decoding="async" width="1200" height="800" class="wp-image-243 alignnone" src="https://alverniasgratitud.org/wp-content/uploads/2019/09/Casa_Alvernias_gratitud_1200px_2.jpg" alt="" srcset="https://alverniasgratitud.org/wp-content/uploads/2019/09/Casa_Alvernias_gratitud_1200px_2.jpg 1200w, https://alverniasgratitud.org/wp-content/uploads/2019/09/Casa_Alvernias_gratitud_1200px_2-300x200.jpg 300w, https://alverniasgratitud.org/wp-content/uploads/2019/09/Casa_Alvernias_gratitud_1200px_2-768x512.jpg 768w, https://alverniasgratitud.org/wp-content/uploads/2019/09/Casa_Alvernias_gratitud_1200px_2-1024x683.jpg 1024w" sizes="auto, (max-width: 1200px) 100vw, 1200px" /></figure>
<div class="wp-block-media-text__content">
<p class="has-drop-cap" style="text-align: justify;">El Centro de Agradecimiento Alvernias fue concebido inicialmente como una finca para ganado de leche, única actividad económica que se desarrollaba en esta región del municipio Carmen de Carupa,&nbsp; &nbsp;ubicado a 85 kms de Bogotá.</p>

<p style="text-align: justify;">Es importante mencionar que en su condición de “neo rurales”, los propietarios eran citadinos experimentando y aprendiendo a ser ganaderos.</p>
</div>
</div>

<p style="text-align: justify;">&nbsp;</p>

<p>&nbsp;</p>

<div class="wp-block-media-text alignwide" style="grid-template-columns: 54% auto;">
<figure class="wp-block-media-text__media"><img loading="lazy" decoding="async" width="1024" height="768" class="wp-image-62" src="https://alverniasgratitud.org/wp-content/uploads/2019/08/IMG_20180706_155820x2500-1024x768.jpg" alt="" srcset="https://alverniasgratitud.org/wp-content/uploads/2019/08/IMG_20180706_155820x2500-1024x768.jpg 1024w, https://alverniasgratitud.org/wp-content/uploads/2019/08/IMG_20180706_155820x2500-300x225.jpg 300w, https://alverniasgratitud.org/wp-content/uploads/2019/08/IMG_20180706_155820x2500-768x576.jpg 768w, https://alverniasgratitud.org/wp-content/uploads/2019/08/IMG_20180706_155820x2500-1440x1080.jpg 1440w" sizes="auto, (max-width: 1024px) 100vw, 1024px" /></figure>
<div class="wp-block-media-text__content">
<p class="has-drop-cap" style="text-align: justify;">Durante los años 2015 – 2016, el país padeció 15 meses el que es considerado el fenómeno del niño más fuerte del que se tenga noticia. En una región donde se presenta habitualmente un nivel de lluvias inferior al de municipios cercanos,&nbsp; incluyendo la sabana de Bogotá, dicho fenómeno convirtió la zona en un verdadero desierto, donde los campesinos y pobladores debieron salir de sus animales y algunos incluso verlos morir de hambre. Para el caso de los dueños de la finca, las 3 vacas que inicialmente habían comprado, se habían convertido en 16 animales que ante todo eran “mascotas”, cada una con su respectivo nombre, árbol genealógico, historia de vida, etc.</p>

<p style="text-align: justify;">Durante los 15 meses que se extendió el fenómeno del niño, se arrendaron fincas y compraron pastos en 3 municipios cercanos a la finca, con el fin de poder conservar en buenas condiciones los animales, hasta que finalmente no se encontraron más sitios donde llevarlos y, en contra de los sentimientos y expectativas de sus dueños, debieron vender todos los animales a un intermediario que los pagó a cualquier precio, pues su destino iba a ser una planta de sacrificio de ganado .</p>
</div>
</div>

<p>&nbsp;</p>
<p style="text-align: justify;">Una vez terminada esta experiencia, los propietarios consideraron que ya habían concluido su &nbsp;experiencia ganadera y que debían darle otra orientación a esas 4 hectáreas de tierra que habían quedado sin uso ni destino específico.</p>

<p style="text-align: justify;">Fue en ese momento cuando decidieron que iban a convertir la finca en un proyecto de reforestación con árboles nativos, dado que en la zona abundan especies foráneas como eucaliptos, pinos y acacias.</p>

<p style="text-align: justify;">Importante anotar que de la misma manera que incursionaron sin ninguna experiencia en el mundo ganadero, comenzaron a sembrar árboles nativos sin mayor conocimiento sobre sus especies, características, cuidados, formas de siembra, etc.&nbsp;</p>

<p>&nbsp;</p>

<div class="wp-block-media-text alignwide has-media-on-the-right" style="grid-template-columns: auto 41%;">
<figure class="wp-block-media-text__media"><img loading="lazy" decoding="async" width="1024" height="576" class="wp-image-33" src="https://alverniasgratitud.org/wp-content/uploads/2018/06/centro_de_agradecimiento_2-1024x576.jpg" alt="" srcset="https://alverniasgratitud.org/wp-content/uploads/2018/06/centro_de_agradecimiento_2-1024x576.jpg 1024w, https://alverniasgratitud.org/wp-content/uploads/2018/06/centro_de_agradecimiento_2-300x169.jpg 300w, https://alverniasgratitud.org/wp-content/uploads/2018/06/centro_de_agradecimiento_2-768x432.jpg 768w, https://alverniasgratitud.org/wp-content/uploads/2018/06/centro_de_agradecimiento_2.jpg 1080w" sizes="auto, (max-width: 1024px) 100vw, 1024px" /></figure>
<div class="wp-block-media-text__content">
<p class="has-drop-cap" style="text-align: justify;">Como se comentó anteriormente, a pesar de la inexperiencia en el tema y de las difíciles condiciones del clima y características del suelo, se comenzó a notar poco a poco que donde se había sembrado un árbol o una planta, comenzaban a brotar naturalmente otras plantas a su alrededor, lo que fue interpretado, como un gesto de “agradecimiento” de la tierra hacia el trabajo que se realizaba</p>

<p>&nbsp;</p>

<p>&nbsp;</p>

<p>&nbsp;</p>
</div>
</div>

<p>&nbsp;</p>

<p>&nbsp;</p>

<div class="wp-block-media-text alignwide">
<figure class="wp-block-media-text__media"><img loading="lazy" decoding="async" width="1024" height="576" class="wp-image-42" src="https://alverniasgratitud.org/wp-content/uploads/2018/06/centro_de_agradecimiento_4-1024x576.jpg" alt="" srcset="https://alverniasgratitud.org/wp-content/uploads/2018/06/centro_de_agradecimiento_4-1024x576.jpg 1024w, https://alverniasgratitud.org/wp-content/uploads/2018/06/centro_de_agradecimiento_4-300x169.jpg 300w, https://alverniasgratitud.org/wp-content/uploads/2018/06/centro_de_agradecimiento_4-768x432.jpg 768w, https://alverniasgratitud.org/wp-content/uploads/2018/06/centro_de_agradecimiento_4.jpg 1080w" sizes="auto, (max-width: 1024px) 100vw, 1024px" /></figure>
<div class="wp-block-media-text__content">
<p class="has-drop-cap" style="text-align: justify;">Esta experiencia de evidenciar lo que la naturaleza iba regalando en compensación por lo poco que se hacía por ella, fue germinando en los propietarios del predio un sentimiento de GRATITUD hacia la MADRE TIERRA, sentimiento que cada vez se iba incrementando más y que en un momento dado los llevó a determinar que, lo que años atrás había iniciado como un proyecto ganadero, para convertirse después en un proyecto forestal, ahora se convertiría en un proyecto de vida orientado a estimular en las personas el sentimiento de gratitud en la vida diaria, sin importar credos, orientaciones religiosas o filosóficas, pero plasmado en la madre tierra, a través de la siembra de árboles y cuidado del medio ambiente.</p>
</div>
</div>
</div></div></div></div></div></div></div></div>

<p>El Centro de Agradecimiento Alvernias fue concebido inicialmente como una finca para ganado de leche, única actividad económica que se desarrollaba en esta región del municipio Carmen de Carupa,&nbsp; &nbsp;ubicado a 85 kms de Bogotá. Es importante mencionar que en su condición de “neo rurales”, los propietarios eran citadinos experimentando y aprendiendo a ser ganaderos.&hellip; <br /> <a class="read-more" href="https://alverniasgratitud.org/index.php/nuestra-historia/">Read more</a></p>
