{"id":461,"date":"2019-09-18T00:40:43","date_gmt":"2019-09-18T00:40:43","guid":{"rendered":"http:\/\/alverniasgratitud.org\/?page_id=461"},"modified":"2019-09-18T00:43:05","modified_gmt":"2019-09-18T00:43:05","slug":"acampemos","status":"publish","type":"page","link":"https:\/\/alverniasgratitud.org\/index.php\/acampemos\/","title":{"rendered":"Acampemos"},"content":{"rendered":"\n<p>Est\u00e1 experiencia\nest\u00e1 orientada a j\u00f3venes y permite la construcci\u00f3n de redes de pares en torno a\nla gratitud, el liderazgo y la responsabilidad de los j\u00f3venes con los objetivos\ndel desarrollo&nbsp; sostenible y las acciones\ndel cuidado ambiental.<\/p>\n\n\n\n<p>Se\ndesarrolla en una jornada de d\u00eda y medio, incluye campamento y actividades\nl\u00fadicas dirigidas por un grupo de j\u00f3venes estudiantes universitarios, quienes\nhan vivido la experiencia de la gratitud en el Centro de Agradecimiento y han\nquerido replicarla.<\/p>\n\n\n\n<ul class=\"wp-block-gallery columns-2 is-cropped wp-block-gallery-1 is-layout-flex wp-block-gallery-is-layout-flex\"><li class=\"blocks-gallery-item\"><figure><img loading=\"lazy\" decoding=\"async\" width=\"600\" height=\"644\" src=\"http:\/\/alverniasgratitud.org\/wp-content\/uploads\/2019\/09\/logo_acampemos_alvernias_gratitud_600px.jpg\" alt=\"\" data-id=\"234\" data-link=\"http:\/\/alverniasgratitud.org\/logo_acampemos_alvernias_gratitud_600px\/\" class=\"wp-image-234\" srcset=\"https:\/\/alverniasgratitud.org\/wp-content\/uploads\/2019\/09\/logo_acampemos_alvernias_gratitud_600px.jpg 600w, https:\/\/alverniasgratitud.org\/wp-content\/uploads\/2019\/09\/logo_acampemos_alvernias_gratitud_600px-280x300.jpg 280w\" sizes=\"auto, (max-width: 600px) 100vw, 600px\" \/><\/figure><\/li><li class=\"blocks-gallery-item\"><figure><img loading=\"lazy\" decoding=\"async\" width=\"640\" height=\"640\" src=\"http:\/\/alverniasgratitud.org\/wp-content\/uploads\/2019\/09\/acampemos_alvernias_gratitud.jpg\" alt=\"\" data-id=\"224\" data-link=\"http:\/\/alverniasgratitud.org\/acampemos_alvernias_gratitud\/\" class=\"wp-image-224\" srcset=\"https:\/\/alverniasgratitud.org\/wp-content\/uploads\/2019\/09\/acampemos_alvernias_gratitud.jpg 640w, https:\/\/alverniasgratitud.org\/wp-content\/uploads\/2019\/09\/acampemos_alvernias_gratitud-150x150.jpg 150w, https:\/\/alverniasgratitud.org\/wp-content\/uploads\/2019\/09\/acampemos_alvernias_gratitud-300x300.jpg 300w\" sizes=\"auto, (max-width: 640px) 100vw, 640px\" \/><\/figure><\/li><\/ul>\n","protected":false},"excerpt":{"rendered":"<p>Est\u00e1 experiencia est\u00e1 orientada a j\u00f3venes y permite la construcci\u00f3n de redes de pares en torno a la gratitud, el liderazgo y la responsabilidad de los j\u00f3venes con los objetivos del desarrollo&nbsp; sostenible y las acciones del cuidado ambiental. Se desarrolla en una jornada de d\u00eda y medio, incluye campamento y actividades l\u00fadicas dirigidas por&hellip; <br \/> <a class=\"read-more\" href=\"https:\/\/alverniasgratitud.org\/index.php\/acampemos\/\">Read more<\/a><\/p>\n","protected":false},"author":1,"featured_media":444,"parent":0,"menu_order":0,"comment_status":"closed","ping_status":"closed","template":"","meta":{"om_disable_all_campaigns":false,"_monsterinsights_skip_tracking":false,"_monsterinsights_sitenote_active":false,"_monsterinsights_sitenote_note":"","_monsterinsights_sitenote_category":0,"footnotes":""},"class_list":["post-461","page","type-page","status-publish","has-post-thumbnail","hentry"],"jetpack_sharing_enabled":true,"_links":{"self":[{"href":"https:\/\/alverniasgratitud.org\/index.php\/wp-json\/wp\/v2\/pages\/461","targetHints":{"allow":["GET"]}}],"collection":[{"href":"https:\/\/alverniasgratitud.org\/index.php\/wp-json\/wp\/v2\/pages"}],"about":[{"href":"https:\/\/alverniasgratitud.org\/index.php\/wp-json\/wp\/v2\/types\/page"}],"author":[{"embeddable":true,"href":"https:\/\/alverniasgratitud.org\/index.php\/wp-json\/wp\/v2\/users\/1"}],"replies":[{"embeddable":true,"href":"https:\/\/alverniasgratitud.org\/index.php\/wp-json\/wp\/v2\/comments?post=461"}],"version-history":[{"count":1,"href":"https:\/\/alverniasgratitud.org\/index.php\/wp-json\/wp\/v2\/pages\/461\/revisions"}],"predecessor-version":[{"id":462,"href":"https:\/\/alverniasgratitud.org\/index.php\/wp-json\/wp\/v2\/pages\/461\/revisions\/462"}],"wp:featuredmedia":[{"embeddable":true,"href":"https:\/\/alverniasgratitud.org\/index.php\/wp-json\/wp\/v2\/media\/444"}],"wp:attachment":[{"href":"https:\/\/alverniasgratitud.org\/index.php\/wp-json\/wp\/v2\/media?parent=461"}],"curies":[{"name":"wp","href":"https:\/\/api.w.org\/{rel}","templated":true}]}}

<p>Está experiencia
está orientada a jóvenes y permite la construcción de redes de pares en torno a
la gratitud, el liderazgo y la responsabilidad de los jóvenes con los objetivos
del desarrollo&nbsp; sostenible y las acciones
del cuidado ambiental.</p>



<p>Se
desarrolla en una jornada de día y medio, incluye campamento y actividades
lúdicas dirigidas por un grupo de jóvenes estudiantes universitarios, quienes
han vivido la experiencia de la gratitud en el Centro de Agradecimiento y han
querido replicarla.</p>



<ul class="wp-block-gallery columns-2 is-cropped wp-block-gallery-1 is-layout-flex wp-block-gallery-is-layout-flex"><li class="blocks-gallery-item"><figure><img loading="lazy" decoding="async" width="600" height="644" src="http://alverniasgratitud.org/wp-content/uploads/2019/09/logo_acampemos_alvernias_gratitud_600px.jpg" alt="" data-id="234" data-link="http://alverniasgratitud.org/logo_acampemos_alvernias_gratitud_600px/" class="wp-image-234" srcset="https://alverniasgratitud.org/wp-content/uploads/2019/09/logo_acampemos_alvernias_gratitud_600px.jpg 600w, https://alverniasgratitud.org/wp-content/uploads/2019/09/logo_acampemos_alvernias_gratitud_600px-280x300.jpg 280w" sizes="auto, (max-width: 600px) 100vw, 600px" /></figure></li><li class="blocks-gallery-item"><figure><img loading="lazy" decoding="async" width="640" height="640" src="http://alverniasgratitud.org/wp-content/uploads/2019/09/acampemos_alvernias_gratitud.jpg" alt="" data-id="224" data-link="http://alverniasgratitud.org/acampemos_alvernias_gratitud/" class="wp-image-224" srcset="https://alverniasgratitud.org/wp-content/uploads/2019/09/acampemos_alvernias_gratitud.jpg 640w, https://alverniasgratitud.org/wp-content/uploads/2019/09/acampemos_alvernias_gratitud-150x150.jpg 150w, https://alverniasgratitud.org/wp-content/uploads/2019/09/acampemos_alvernias_gratitud-300x300.jpg 300w" sizes="auto, (max-width: 640px) 100vw, 640px" /></figure></li></ul>

<p>Está experiencia está orientada a jóvenes y permite la construcción de redes de pares en torno a la gratitud, el liderazgo y la responsabilidad de los jóvenes con los objetivos del desarrollo&nbsp; sostenible y las acciones del cuidado ambiental. Se desarrolla en una jornada de día y medio, incluye campamento y actividades lúdicas dirigidas por&hellip; <br /> <a class="read-more" href="https://alverniasgratitud.org/index.php/acampemos/">Read more</a></p>
