{"id":464,"date":"2019-09-18T00:52:44","date_gmt":"2019-09-18T00:52:44","guid":{"rendered":"http:\/\/alverniasgratitud.org\/?page_id=464"},"modified":"2019-09-18T00:56:00","modified_gmt":"2019-09-18T00:56:00","slug":"gratitud-en-la-madre-tierra","status":"publish","type":"page","link":"https:\/\/alverniasgratitud.org\/index.php\/gratitud-en-la-madre-tierra\/","title":{"rendered":"Gratitud en la madre tierra"},"content":{"rendered":"\n<p class=\"has-medium-font-size\">Plasmando la gratitud en la madre tierra, es una experiencia orientada en dos sentidos:<\/p>\n\n\n\n<ul class=\"wp-block-list\"><li><strong>Ni\u00f1os agradecidos- Plan Padrino:<\/strong> Se desarrolla con los ni\u00f1os de la vereda que asisten a la escuela Santa Helena, a quienes les podr\u00e1s donar \u00e1rboles nativos para que siembren en sus fincas y la Fundaci\u00f3n &nbsp;les hace un acompa\u00f1amiento permanente para garantizar el cuidado de los \u00e1rboles.<\/li><\/ul>\n\n\n\n<ul class=\"wp-block-list\"><li><strong>Cuidadores de los recursos h\u00eddricos:<\/strong> Te puedes unir como voluntario en la jornada de limpieza&nbsp; del embalse el Hato, el cual se encuentra invadido por una alga llamada \u201cbuch\u00f3n\u201d. Esta actividad se pretende llevar a cabo con el apoyo de la comunidad y de la CAR.<\/li><\/ul>\n\n\n\n<div class=\"alignnormal\"><div id=\"metaslider-id-465\" style=\"max-width: 400px; margin: 0 auto;\" class=\"ml-slider-3-108-0 metaslider metaslider-nivo metaslider-465 ml-slider has-dots-nav ms-theme-default\" role=\"region\" aria-label=\"Gratitud Madre tierra\" data-height=\"300\" data-width=\"400\">\n    <div id=\"metaslider_container_465\">\n        <div class='slider-wrapper theme-default'><div class='ribbon'><\/div><div id='metaslider_465' class='nivoSlider'><img loading=\"lazy\" decoding=\"async\" src=\"https:\/\/alverniasgratitud.org\/wp-content\/uploads\/2019\/09\/gratitud_madre_tierra_alvernias_1-388x291.jpg\" height=\"300\" width=\"400\" title=\"gratitud_madre_tierra_alvernias_1\" alt=\"\" class=\"slider-465 slide-474 msDefaultImage\" \/><img loading=\"lazy\" decoding=\"async\" src=\"https:\/\/alverniasgratitud.org\/wp-content\/uploads\/2019\/09\/gratitud_madre_tierra_alvernias_2-385x289.jpg\" height=\"300\" width=\"400\" title=\"gratitud_madre_tierra_alvernias_2\" alt=\"\" class=\"slider-465 slide-475 msDefaultImage\" \/><img loading=\"lazy\" decoding=\"async\" src=\"https:\/\/alverniasgratitud.org\/wp-content\/uploads\/2019\/09\/gratitud_madre_tierra_alvernias_3-e1568767918205-400x300.jpg\" height=\"300\" width=\"400\" title=\"gratitud_madre_tierra_alvernias_3\" alt=\"\" class=\"slider-465 slide-476 msDefaultImage\" \/><img loading=\"lazy\" decoding=\"async\" src=\"https:\/\/alverniasgratitud.org\/wp-content\/uploads\/2019\/09\/gratitud_madre_tierra_alvernias_4-400x300.jpg\" height=\"300\" width=\"400\" title=\"gratitud_madre_tierra_alvernias_4\" alt=\"\" class=\"slider-465 slide-477 msDefaultImage\" \/><img loading=\"lazy\" decoding=\"async\" src=\"https:\/\/alverniasgratitud.org\/wp-content\/uploads\/2019\/09\/gratitud_madre_tierra_alvernias_5-365x273.jpg\" height=\"300\" width=\"400\" title=\"gratitud_madre_tierra_alvernias_5\" alt=\"\" class=\"slider-465 slide-478 msDefaultImage\" \/><img loading=\"lazy\" decoding=\"async\" src=\"https:\/\/alverniasgratitud.org\/wp-content\/uploads\/2019\/09\/gratitud_madre_tierra_alvernias_6-362x271.jpg\" height=\"300\" width=\"400\" title=\"gratitud_madre_tierra_alvernias_6\" alt=\"\" class=\"slider-465 slide-479 msDefaultImage\" \/><\/div><\/div>\n        \n    <\/div>\n<\/div><\/div>\n","protected":false},"excerpt":{"rendered":"<p>Plasmando la gratitud en la madre tierra, es una experiencia orientada en dos sentidos: Ni\u00f1os agradecidos- Plan Padrino: Se desarrolla con los ni\u00f1os de la vereda que asisten a la escuela Santa Helena, a quienes les podr\u00e1s donar \u00e1rboles nativos para que siembren en sus fincas y la Fundaci\u00f3n &nbsp;les hace un acompa\u00f1amiento permanente para&hellip; <br \/> <a class=\"read-more\" href=\"https:\/\/alverniasgratitud.org\/index.php\/gratitud-en-la-madre-tierra\/\">Read more<\/a><\/p>\n","protected":false},"author":1,"featured_media":369,"parent":0,"menu_order":0,"comment_status":"closed","ping_status":"closed","template":"","meta":{"om_disable_all_campaigns":false,"_monsterinsights_skip_tracking":false,"_monsterinsights_sitenote_active":false,"_monsterinsights_sitenote_note":"","_monsterinsights_sitenote_category":0,"footnotes":""},"class_list":["post-464","page","type-page","status-publish","has-post-thumbnail","hentry"],"jetpack_sharing_enabled":true,"_links":{"self":[{"href":"https:\/\/alverniasgratitud.org\/index.php\/wp-json\/wp\/v2\/pages\/464","targetHints":{"allow":["GET"]}}],"collection":[{"href":"https:\/\/alverniasgratitud.org\/index.php\/wp-json\/wp\/v2\/pages"}],"about":[{"href":"https:\/\/alverniasgratitud.org\/index.php\/wp-json\/wp\/v2\/types\/page"}],"author":[{"embeddable":true,"href":"https:\/\/alverniasgratitud.org\/index.php\/wp-json\/wp\/v2\/users\/1"}],"replies":[{"embeddable":true,"href":"https:\/\/alverniasgratitud.org\/index.php\/wp-json\/wp\/v2\/comments?post=464"}],"version-history":[{"count":3,"href":"https:\/\/alverniasgratitud.org\/index.php\/wp-json\/wp\/v2\/pages\/464\/revisions"}],"predecessor-version":[{"id":483,"href":"https:\/\/alverniasgratitud.org\/index.php\/wp-json\/wp\/v2\/pages\/464\/revisions\/483"}],"wp:featuredmedia":[{"embeddable":true,"href":"https:\/\/alverniasgratitud.org\/index.php\/wp-json\/wp\/v2\/media\/369"}],"wp:attachment":[{"href":"https:\/\/alverniasgratitud.org\/index.php\/wp-json\/wp\/v2\/media?parent=464"}],"curies":[{"name":"wp","href":"https:\/\/api.w.org\/{rel}","templated":true}]}}

<p class="has-medium-font-size">Plasmando la gratitud en la madre tierra, es una experiencia orientada en dos sentidos:</p>



<ul class="wp-block-list"><li><strong>Niños agradecidos- Plan Padrino:</strong> Se desarrolla con los niños de la vereda que asisten a la escuela Santa Helena, a quienes les podrás donar árboles nativos para que siembren en sus fincas y la Fundación &nbsp;les hace un acompañamiento permanente para garantizar el cuidado de los árboles.</li></ul>



<ul class="wp-block-list"><li><strong>Cuidadores de los recursos hídricos:</strong> Te puedes unir como voluntario en la jornada de limpieza&nbsp; del embalse el Hato, el cual se encuentra invadido por una alga llamada “buchón”. Esta actividad se pretende llevar a cabo con el apoyo de la comunidad y de la CAR.</li></ul>



<div class="alignnormal"><div id="metaslider-id-465" style="max-width: 400px; margin: 0 auto;" class="ml-slider-3-108-0 metaslider metaslider-nivo metaslider-465 ml-slider has-dots-nav ms-theme-default" role="region" aria-label="Gratitud Madre tierra" data-height="300" data-width="400">
    <div id="metaslider_container_465">
        <div class='slider-wrapper theme-default'><div class='ribbon'></div><div id='metaslider_465' class='nivoSlider'><img loading="lazy" decoding="async" src="https://alverniasgratitud.org/wp-content/uploads/2019/09/gratitud_madre_tierra_alvernias_1-388x291.jpg" height="300" width="400" title="gratitud_madre_tierra_alvernias_1" alt="" class="slider-465 slide-474 msDefaultImage" /><img loading="lazy" decoding="async" src="https://alverniasgratitud.org/wp-content/uploads/2019/09/gratitud_madre_tierra_alvernias_2-385x289.jpg" height="300" width="400" title="gratitud_madre_tierra_alvernias_2" alt="" class="slider-465 slide-475 msDefaultImage" /><img loading="lazy" decoding="async" src="https://alverniasgratitud.org/wp-content/uploads/2019/09/gratitud_madre_tierra_alvernias_3-e1568767918205-400x300.jpg" height="300" width="400" title="gratitud_madre_tierra_alvernias_3" alt="" class="slider-465 slide-476 msDefaultImage" /><img loading="lazy" decoding="async" src="https://alverniasgratitud.org/wp-content/uploads/2019/09/gratitud_madre_tierra_alvernias_4-400x300.jpg" height="300" width="400" title="gratitud_madre_tierra_alvernias_4" alt="" class="slider-465 slide-477 msDefaultImage" /><img loading="lazy" decoding="async" src="https://alverniasgratitud.org/wp-content/uploads/2019/09/gratitud_madre_tierra_alvernias_5-365x273.jpg" height="300" width="400" title="gratitud_madre_tierra_alvernias_5" alt="" class="slider-465 slide-478 msDefaultImage" /><img loading="lazy" decoding="async" src="https://alverniasgratitud.org/wp-content/uploads/2019/09/gratitud_madre_tierra_alvernias_6-362x271.jpg" height="300" width="400" title="gratitud_madre_tierra_alvernias_6" alt="" class="slider-465 slide-479 msDefaultImage" /></div></div>
        
    </div>
</div></div>

<p>Plasmando la gratitud en la madre tierra, es una experiencia orientada en dos sentidos: Niños agradecidos- Plan Padrino: Se desarrolla con los niños de la vereda que asisten a la escuela Santa Helena, a quienes les podrás donar árboles nativos para que siembren en sus fincas y la Fundación &nbsp;les hace un acompañamiento permanente para&hellip; <br /> <a class="read-more" href="https://alverniasgratitud.org/index.php/gratitud-en-la-madre-tierra/">Read more</a></p>
